k(0). Let f = 43 - 43. Let m(s) = 3*s + 3. Let v be m(f). Calculate the greatest common divisor of v and u.
3
Let t(r) = r + 4. Let y be t(6). Let o = y - 7. Suppose -5*d + 1029 = -o*q + 7*q, -3*q + 197 = d. Calculate the highest common divisor of 19 and d.
19
Let f be (-3 - 0 - 2) + 16. Let i be (6 - 0)/((-3)/(-2)). Suppose 0*h + i*h - 137 = d, 5*h + d - 160 = 0. Calculate the highest common divisor of h and f.
11
Suppose 15*j - 1274 = -299. What is the highest common divisor of 13 and j?
13
Suppose 2*l + 508 = 5*b, 5*b - 395 - 93 = -3*l. Calculate the highest common divisor of b and 120.
20
Let r = 51 + -46. Suppose -4*p + 0 = -180. Calculate the greatest common factor of p and r.
5
Suppose 580 = 37*s - 32*s - 5*b, 2*s - 232 = 4*b. What is the greatest common divisor of s and 145?
29
Suppose -21 = -203*j + 202*j. Calculate the highest common factor of 12 and j.
3
Let c = 411 - 331. What is the greatest common factor of 200 and c?
40
Suppose 0 = -19*d + 20*d - 13. Suppose -2*g + g = 2*u - 209, 4*u - 419 = -3*g. Calculate the greatest common factor of u and d.
13
Let g = -70 + 334. Calculate the greatest common factor of 33 and g.
33
Let r(t) be the third derivative of -t**6/120 - 13*t**5/60 + 2*t**4/3 + 11*t**3/2 + 10*t**2. Let j be r(-14). What is the greatest common divisor of 5 and j?
5
Suppose 0 = -2*x - 8, 790 = 5*r + 4*x - 9*x. Calculate the highest common factor of r and 1309.
77
Let d = 14 - 14. Let s(i) = i + 21. Let y be s(d). What is the greatest common factor of 126 and y?
21
Suppose 24*q - 29*q = -60. Let c(n) = n**3 - 13*n**2 + 14*n - 15. Let v be c(q). Calculate the greatest common factor of v and 72.
9
Let y = 563 + 227. What is the highest common divisor of y and 10?
10
Let z = 829 - 309. Suppose 0 = -8*x + 13*x - z. What is the highest common divisor of x and 13?
13
Let l = 63 - -447. Calculate the highest common divisor of l and 10.
10
Let i = -237 + 699. Calculate the greatest common factor of 264 and i.
66
Let i(s) = 20*s**3 - 6*s**2 + 11*s + 3. Let m be i(3). Calculate the highest common divisor of 58 and m.
58
Suppose 0 = -2*v - 922 + 2322. What is the highest common factor of 20 and v?
20
Let c be 102/(-8) - 14/56. Let j = c + 23. What is the greatest common factor of 5 and j?
5
Suppose -4*o = -1401 + 497. Suppose -5*i = 3*k + o, 0 = -2*i - 3*k + 18 - 112. Let z = 20 - i. What is the highest common factor of z and 8?
8
Let z be (1/((-32)/(-40)))/(2/312). What is the highest common divisor of z and 30?
15
Suppose 3*g = -32*u + 30*u + 300, -g - 140 = -u. What is the highest common factor of 18 and u?
18
Let k(h) = 3*h**3 - h**2 - 8*h + 8. Let s be k(2). Calculate the highest common divisor of 24 and s.
12
Let y = -25 - -92. Suppose 185 + y = 12*s. Let h = -45 + 276. What is the highest common divisor of h and s?
21
Let f = 67 - 22. Let l be (-122)/(-14) - 4/(-14). What is the greatest common factor of f and l?
9
Let b be (-32)/12*(-19)/((-114)/(-36)). What is the greatest common factor of b and 400?
16
Let n be -1 + (-1)/((-5)/1500). Suppose o + n = 3*q, -3*o - 20 = o. Calculate the highest common factor of 14 and q.
14
Let q = -90 - -91. What is the greatest common divisor of q and 11?
1
Let c be 10 + 324/9 - 10. Suppose 0 = 4*n - 2*n. Let q = 12 + n. What is the highest common divisor of q and c?
12
Suppose -4*x = -24*x + 1440. Calculate the greatest common divisor of 408 and x.
24
Let f = 267 + -159. Suppose 0 = -3*j + f - 24. Calculate the highest common divisor of j and 196.
28
Let r(b) = 2*b + 4. Let w be r(8). Suppose 5*t = -0*t + w. Suppose 52 - 300 = -5*q + t*x, 2*q = -2*x + 92. What is the highest common factor of q and 12?
12
Suppose 3*p + c + 3*c - 34 = 0, p - c - 9 = 0. Let r be 9/6*((-80)/(-6))/2. Calculate the greatest common factor of r and p.
10
Let i(q) = 85*q**3 + 5*q**2 - 8*q + 7. Let c be i(3). What is the greatest common divisor of 101 and c?
101
Let t(n) = 4*n. Let z be t(9). Suppose -2*j - 14 = -38. Calculate the highest common divisor of z and j.
12
Suppose -3*l = 0, 5*i - 3181 = 3*l + 1514. What is the highest common divisor of 3 and i?
3
Suppose 436 = 5*g - 5*r - 1564, -5*g = 4*r - 2000. What is the greatest common divisor of g and 250?
50
Let l = 31 + -28. Suppose -4*i = 3*r - 1291, 0 = l*i + i - 2*r - 1266. What is the greatest common factor of 29 and i?
29
Suppose 4*r = 3*d - 31, -4*d - 2*r = -7 - 5. Suppose d*l = 2*l + 30. Suppose l*a + 144 = 13*a. Calculate the greatest common factor of a and 16.
16
Let s = -13 + 18. Suppose s*p + d = 55, 2*p + d - 25 = -0*d. Calculate the highest common factor of 25 and p.
5
Let l be (-8)/((-4)/60*2). Suppose -a - 6 = -9. Let f(i) = 2*i**3 - 2*i**2 - 2*i - 6. Let r be f(a). What is the highest common divisor of r and l?
12
Let i(k) = k**3 + 3*k**2 - 17*k - 3. Let s be i(7). Let m be 8/(-28) + (-324)/(-7). What is the greatest common factor of m and s?
46
Let v(g) = 20 - 11*g + 22 - 42. Let j be v(-1). What is the highest common divisor of j and 99?
11
Let v be (5 - (-17390)/40) + (-4)/(-16). Let f be ((-16)/(-6))/((-1)/(-3)). Suppose -12*q = -f*q - v. Calculate the greatest common factor of 10 and q.
10
Let o(b) = -99*b**3 - b - 1. Let i be o(-1). Let q = i - 80. What is the highest common divisor of 152 and q?
19
Let k = -629 - -425. Let l be 2 + k/(-1 + -1). Let r be 2 - (-2 + 3) - -12. Calculate the greatest common factor of l and r.
13
Suppose -8*o + 120 = -3*o. Let l be (-1980)/9*(-15)/o*2. Calculate the greatest common factor of l and 25.
25
Suppose 2*i - 5*a = 38, 14*a + 14 = i + 9*a. Suppose 18 = 5*h - 2*h. What is the highest common divisor of i and h?
6
Let t = -13 - -16. Let p be 2 + ((-30)/(-10))/(6/8). Calculate the highest common factor of p and t.
3
Let i = -66 - -60. Let l be -3*(-12)/i*2/(-6). Calculate the highest common divisor of l and 3.
1
Suppose 610*k - 161 = 603*k. What is the greatest common factor of 92 and k?
23
Let j be (-31 - (-3 - -1))/(-1). Let i(t) = -j*t + 25*t + 59*t. Let y be i(2). Calculate the highest common factor of 44 and y.
22
Let r = 16 - 13. Suppose 0 = -u - 4*f - 9, 5*u + 4*f = -0*u + r. Suppose -4*v = u*w - 64, 4*w + 3*v = -11 + 101. What is the highest common divisor of w and 96?
24
Suppose 6*m = -23*m + 3828. Calculate the greatest common factor of m and 2112.
132
Let s(h) = -2*h + 10. Let u(i) = i**2 - 15*i - 11. Let a be u(15). Let k be s(a). What is the highest common divisor of 4 and k?
4
Let g = 354 + -342. Calculate the highest common factor of 10 and g.
2
Suppose -z + h - 5 + 22 = 0, -5*z - 5*h = -105. What is the highest common divisor of 171 and z?
19
Let b(z) = -z**2 - 28*z - 41. Let d be b(-24). Let m(i) = -6*i + i**2 - 7 - 2*i - 2*i**2. Let y be m(-6). What is the highest common divisor of d and y?
5
Let q be (-2 - 802/(-26)) + (-124)/(-806). Calculate the greatest common divisor of 783 and q.
29
Let c(i) = 39*i**2 - 23*i + 43. Let y be c(2). What is the greatest common factor of 9 and y?
9
Suppose -5*r = 4*n - 2773, 5*n + 1403 = 7*n - 3*r. What is the greatest common factor of 17 and n?
17
Let c = 371 + -238. Suppose 60*j - 61*j = -7. Calculate the greatest common factor of c and j.
7
Let s(z) be the first derivative of z**4/4 - z**3 - 7*z**2/2 + 10*z + 9. Let x be s(5). What is the highest common factor of x and 175?
25
Let r = 586 + 317. Calculate the highest common factor of r and 21.
21
Suppose 4*l = 16, 4*w + 64 - 456 = -2*l. Let o = 3625 + -3601. What is the highest common factor of o and w?
24
Let b(s) = 3*s**2 - 6*s + 14. Let n be b(4). Calculate the greatest common factor of 4 and n.
2
Let o be ((-26)/3)/(-2 - (-15)/9). Suppose -o = 3*i - 80. Calculate the greatest common divisor of 126 and i.
18
Suppose 0 = 2*c + 5*x + 11, 4*x - 6 = c - 20. What is the greatest common divisor of 6 and c?
2
Suppose -47*y = -24*y - 10856. Calculate the greatest common divisor of 354 and y.
118
Let c be (-30)/20*(3 - 1). Let j be (c + 31/3)/(1/15). What is the greatest common divisor of 44 and j?
22
Let q(y) = -y**2 + 9*y + 2. Let r be q(6). Let a(j) = -j + 4. Let g be a(0). What is the highest common divisor of r and g?
4
Let l(s) = 8*s + 365. Let r be l(-43). Suppose 0 = 2*y - 4 - 2. What is the greatest common divisor of y and r?
3
Suppose -6 = -3*m - 2*z - z, 46 = 5*m - 4*z. Let v(b) = -b + 5. Let